6570.
68
What is the remainder when 697398479 is divided by 454?
453
Calculate the remainder when 15328 is divided by 2921.
723
What is the remainder when 23264993 is divided by 2801?
2688
What is the remainder when 93998939 is divided by 21?
20
What is the remainder when 34670798 is divided by 17?
12
What is the remainder when 3606678 is divided by 92?
2
Calculate the remainder when 59090 is divided by 18851.
2537
What is the remainder when 2595032 is divided by 72?
8
Calculate the remainder when 7185767 is divided by 540.
527
What is the remainder when 99692156 is divided by 478?
476
Calculate the remainder when 14717 is divided by 2014.
619
Calculate the remainder when 19307262 is divided by 582.
576
Calculate the remainder when 21112860 is divided by 34108.
8
What is the remainder when 746962 is divided by 373455?
52
Calculate the remainder when 34263083 is divided by 3807009.
2
What is the remainder when 88568 is divided by 271?
222
What is the remainder when 8817439 is divided by 70?
29
What is the remainder when 689990 is divided by 957?
950
What is the remainder when 203319 is divided by 277?
1
What is the remainder when 4622212 is divided by 2661?
55
What is the remainder when 33952509 is divided by 3375?
9
Calculate the remainder when 677305 is divided by 1042.
5
Calculate the remainder when 572563 is divided by 1001.
992
Calculate the remainder when 21877875 is divided by 578.
575
What is the remainder when 332887 is divided by 5160?
2647
Calculate the remainder when 389443 is divided by 410.
353
What is the remainder when 29805623 is divided by 4?
3
What is the remainder when 21497 is divided by 7041?
374
Calculate the remainder when 104384314 is divided by 26096075.
14
What is the remainder when 5601334 is divided by 506?
420
What is the remainder when 6113190 is divided by 39?
18
Calculate the remainder when 9490210 is divided by 296569.
2
What is the remainder when 485796 is divided by 1099?
38
Calculate the remainder when 24022467 is divided by 821.
7
Calculate the remainder when 26774752 is divided by 48.
16
What is the remainder when 1971317 is divided by 1971317?
0
Calculate the remainder when 30881601 is divided by 3976.
9
Calculate the remainder when 1014388 is divided by 126791.
60
What is the remainder when 479267 is divided by 8123?
10
Calculate the remainder when 60542397 is divided by 30271195.
7
Calculate the remainder when 167502 is divided by 108.
102
Calculate the remainder when 352229 is divided by 88016.
165
Calculate the remainder when 428940 is divided by 90.
0
Calculate the remainder when 58887523 is divided by 6543057.
10
What is the remainder when 4183711 is divided by 1045927?
3
What is the remainder when 3457634 is divided by 62?
18
What is the remainder when 483404277 is divided by 41?
9
What is the remainder when 926953 is divided by 30?
13
Calculate the remainder when 11848778 is divided by 2762.
2560
Calculate the remainder when 1281619 is divided by 219.
31
Calculate the remainder when 10001211 is divided by 12.
3
Calculate the remainder when 4372 is divided by 1877.
618
What is the remainder when 2793208 is divided by 192?
184
Calculate the remainder when 29464251 is divided by 372.
363
Calculate the remainder when 164243 is divided by 941.
509
Calculate the remainder when 3439840 is divided by 34745.
85
Calculate the remainder when 9027506 is divided by 3646.
10
What is the remainder when 151805 is divided by 37809?
569
What is the remainder when 3421079 is divided by 295?
259
What is the remainder when 353176 is divided by 86144?
8600
Calculate the remainder when 21863220 is divided by 25.
20
What is the remainder when 7602464 is divided by 237577?
0
Calculate the remainder when 32956968 is divided by 3668.
3656
Calculate the remainder when 551783 is divided by 34.
31
Calculate the remainder when 834413 is divided by 2318.
2251
What is the remainder when 849771 is divided by 169?
39
Calculate the remainder when 519494 is divided by 296.
14
Calculate the remainder when 308328 is divided by 38272.
2152
What is the remainder when 39540 is divided by 2478?
2370
Calculate the remainder when 4747938 is divided by 275.
63
Calculate the remainder when 424886 is divided by 16590.
10136
Calculate the remainder when 74100 is divided by 12226.
744
What is the remainder when 1778842 is divided by 359?
356
What is the remainder when 681388 is divided by 340582?
224
Calculate the remainder when 492797 is divided by 256.
253
What is the remainder when 133569 is divided by 10254?
267
Calculate the remainder when 21439516 is divided by 244.
212
What is the remainder when 484068465 is divided by 492?
489
Calculate the remainder when 3006 is divided by 1268.
470
Calculate the remainder when 29650 is divided by 9410.
1420
What is the remainder when 957029 is divided by 239252?
21
What is the remainder when 64244890 is divided by 9712?
10
What is the remainder when 74272191 is divided by 300?
291
Calculate the remainder when 12912309 is divided by 12428.
12045
Calculate the remainder when 114791 is divided by 7632.
311
Calculate the remainder when 16066174 is divided by 903.
901
What is the remainder when 145068 is divided by 16118?
6
What is the remainder when 10849648 is divided by 717?
4
What is the remainder when 118935826 is divided by 99?
97
Calculate the remainder when 1195769 is divided by 48.
41
What is the remainder when 27755 is divided by 13795?
165
Calculate the remainder when 260271 is divided by 106.
41
What is the remainder when 10960343 is divided by 1108?
7
Calculate the remainder when 22629727 is divided by 102862.
87
Calculate the remainder when 41899222 is divided by 4640.
22
What is the remainder when 19303006 is divided by 13?
8
Calculate the remainder when 199595877 is divided by 951.
948
What is the remainder when 2471806 is divided by 5107?
18
Calculate the remainder when 12762513 is divided by 20.
13
Calculate the remainder when 5500006 is divided by 1780.
1586
Calculate the remainder when 476306 is divided by 524.
514
Calculate the remainder when 16105305 is divided by 13.
8
Calculate the remainder when 6612 is divided by 674.
546
What is the remainder when 15846959 is divided by 1789?
1786
What is the remainder when 364831 is divided by 28030?
441
What is the remainder when 30815455 is divided by 66?
55
What is the remainder when 2315279 is divided by 37343?
13
What is the remainder when 12950 is divided by 3201?
146
What is the remainder when 46362 is divided by 7121?
3636
Calculate the remainder when 631639 is divided by 3098.
2745
What is the remainder when 16049482 is divided by 5349778?
148
What is the remainder when 759253 is divided by 27115?
33
Calculate the remainder when 2572006 is divided by 1285998.
10
Calculate the remainder when 623558 is divided by 62348.
78
What is the remainder when 13872 is divided by 2281?
186
What is the remainder when 5062220 is divided by 2677?
13
What is the remainder when 12304169 is divided by 20784?
41
What is the remainder when 84809 is divided by 12109?
46
What is the remainder when 23382401 is divided by 5845596?
17
Calculate the remainder when 5373 is divided by 5232.
141
Calculate the remainder when 65428117 is divided by 8.
5
Calculate the remainder when 1059797 is divided by 20.
17
What is the remainder when 1056294 is divided by 841?
839
Calculate the remainder when 913473 is divided by 92.
5
What is the remainder when 13345 is divided by 3572?
2629
Calculate the remainder when 111374 is divided by 37092.
98
Calculate the remainder when 2353309 is divided by 15482.
45
Calculate the remainder when 2064684 is divided by 2028.
180
What is the remainder when 82771 is divided by 41215?
341
What is the remainder when 3441469 is divided by 1147059?
292
Calculate the remainder when 14667001 is divided by 184.
177
What is the remainder when 237705530 is divided by 40?
10
What is the remainder when 263932 is divided by 650?
32
What is the remainder when 1248108 is divided by 416022?
42
Calculate the remainder when 1859321 is divided by 509.
453
Calculate the remainder when 2255675 is divided by 391.
387
What is the remainder when 109622509 is divided by 41?
30
What is the remainder when 192281469 is divided by 10?
9
What is the remainder when 93